3*b - 16 - 5*b**3 + 11*b**2 - 16 + 22. Let i(j) = 6*j**3 - 12*j**2 + 4*j + 10. Let d(o) = z*i(o) - 5*q(o). Determine d(7).
3
Suppose 67*k - 72*k = -20. Let z(d) = d**3 - 5*d**2 + 6*d - 5. Let j be z(4). Let y(n) = k*n + n - j + 0 - 7*n. Give y(-5).
7
Suppose -y + 7*y = -96. Let i = -13 - y. Let l(v) = v**3 - 17*v**2 + 0*v**i - 4*v + 15*v**2 - 5. What is l(4)?
11
Let k(c) be the first derivative of -6*c - 2 + 7/2*c**2 - 1/3*c**3. Let v = 87 + -81. Calculate k(v).
0
Let c(d) = d**3 + 11*d**2 + 10*d. Let o be c(-10). Suppose 0 = y + 6*k - 3*k + 3, -5*k - 15 = o. Let p be 2*2*y/8. Let b(s) = -s**3 + 3*s**2 + s - 4. Give b(p).
-1
Let r(y) = 1348*y**2 + 2*y - 677*y**2 - 676*y**2 - 10 + y**3 + 1. Give r(4).
-17
Let z(g) = -g + 5. Suppose -4*b + 2*l + 25 = -7, 3*b - 4*l = 19. Suppose 3*k = 12 + b. Let v = 11 - k. Calculate z(v).
1
Let a(g) = -2*g**2 + 13*g + 1. Let f be a(6). Suppose 0*c + c - f = 0. Let z(x) = -2 - 2*x**3 + x**2 + 6*x**2 + x**3 - 1. Calculate z(c).
-3
Let n(l) = 4*l - 1. Suppose -4*y + 0*y - 50 = 5*f, 0 = 5*f - 3*y + 15. Let p(b) = -9 - b**2 + 0*b - 2*b - 5*b. Let r be p(f). Calculate n(r).
-13
Let i(b) = -5*b**2 - 5*b + 2*b**2 + 1 + 2*b**2. Let a be i(-6). Let v(r) = 0*r - 5*r - r**3 + 10*r + 9 - 3 - 4*r**2. Give v(a).
6
Let w(i) = -i**2 - i - 6. Let n = 199 - 213. Suppose -2*l = -0*l - 28. Let j = l + n. Determine w(j).
-6
Let g(s) be the first derivative of -s**4/12 - 3*s**3/2 - 3*s**2 - 5*s - 5. Let t(o) be the first derivative of g(o). Calculate t(-7).
8
Suppose 5*v + 0*b + 20 = -5*b, 3*b - 8 = 2*v. Let i(w) = -w**2 + 7*w. Let l be i(7). Let o(p) = 2*p - 6*p + l + 5*p + 1. What is o(v)?
-3
Let q(z) = z**2 + 13*z - 7. Let r = 246 + -260. Calculate q(r).
7
Let p(i) = 9*i + 16*i - 7*i - 2 + 3 + i**2 - 7. What is p(-18)?
-6
Let k(t) = 3*t - 4*t - 14 + t**2 - t + 3*t. Let j = -1074 + 1074. Give k(j).
-14
Let q(k) = k**3 + k**2 - 4*k - 1. Suppose -5*n + l = -2*l + 21, 2*l = n. Let j be (-9)/n*4/(-2). Determine q(j).
-7
Let g = 6 + -4. Let z(d) = -47*d + 3. Let q(o) = -110*o + 7. Let k(v) = 3*q(v) - 7*z(v). Give k(g).
-2
Suppose 3*g + 4*k = -g, 0 = 3*g - 2*k - 25. Let v be 2*((-9)/6 - -1)*-7. Let y(d) = -2 + 1 - 5*d + g + v*d. Calculate y(-3).
-2
Let a(b) = -b**3 + b**2 - 24. Let o be a(0). Let f = o + 34. Suppose -3*z + f = -z. Let w(l) = l**2 - 8*l + 7. Determine w(z).
-8
Suppose 3*a - 14 = -g, 3*g - 4*a + 3 = -7. Let s(c) = -365*c**g + 186*c**2 + 180*c**2 + 1 + 4*c. Give s(-7).
22
Let g(d) = d**2 + 14*d + 9. Let w(i) be the third derivative of i**5/30 + 9*i**4/8 + 3*i**3 - 6*i**2. Let x(o) = -11*g(o) + 6*w(o). Determine x(-6).
-3
Let w = 44 - 40. Let f(s) = -10*s - 2*s**2 + 7*s + w*s - 6*s**3. Let o(z) = z**3 - 6*z**2 + 6*z - 4. Let u be o(5). Calculate f(u).
-7
Suppose x - 4 = -6, -5*x + 25 = -5*a. Let d be 4/a + 54/21. Let m(c) = -2*c**d - 3*c**2 - 7*c - 1 + c**2 + 3*c**2. Determine m(-6).
5
Let t(c) = 286 + 2*c - 87 - 94 - 96. Calculate t(-5).
-1
Let x = -1 - 0. Let d(s) = 36*s - 16*s - 8*s. What is d(x)?
-12
Let r(y) = y**2 - 2*y - 63. Let g be r(-7). Let u(p) = p**3 + 6 + p - 1 - 2*p. Determine u(g).
5
Let v(n) = 16 + 5*n**3 - 4*n**3 - 13*n - 5004*n**2 + 4994*n**2 + 4. Give v(11).
-2
Let m(p) = -3*p**3 - 3*p**2. Let h be ((-70)/140)/((6/8)/3). Give m(h).
12
Suppose -59*h + 62*h - 6 = 0. Suppose -5*l + 2*d = 40, h*l - 3*d = 6*l + 32. Let s(c) = c + 1. Determine s(l).
-7
Let m be 3*((0 - -2) + -3). Let c(k) be the second derivative of -k**5/20 - k**4/3 - 2*k**3/3 - 2*k**2 - 93*k. What is c(m)?
-1
Suppose -n + 6*n + 5*t - 320 = 0, 3*n - 4*t - 171 = 0. Let w = -66 + n. Let i(a) = -a**3 - 4*a**2 + 5*a + 1. Determine i(w).
1
Let o(d) be the third derivative of 0*d**3 - d**2 + 0*d**4 + 0*d + 0 - 1/60*d**5 - 1/40*d**6. Let z = -2 + 3. Give o(z).
-4
Let r(q) be the second derivative of -1/6*q**3 - 3/2*q**2 + 43*q + 0. What is r(-4)?
1
Let l(r) = -r**2 + 5. Suppose 0 = 4*v - 5 - 15. Suppose v*c = -c - 162. Let u = -23 - c. Calculate l(u).
-11
Let s(y) = -y. Let c be 13/((-91)/(-7))*(-13 - -1). Give s(c).
12
Let w(n) = 2*n**3 - 3*n**2 - 2*n - 2. Let l(h) = -4*h + 7. Let z be l(0). Let o be z/((-21)/12) - -2. Give w(o).
-26
Let b(w) = -2*w**2 + 5*w - 3. Suppose -5 = -10*z + 15. Let x be 2 + (16/4 - z). Determine b(x).
-15
Let f(h) = -h**2 - 4*h - 1. Let j(k) = -k**3 + 6*k**2 - 6*k + 31. Let q = 26 - 20. Let d be j(q). Calculate f(d).
-6
Let f(q) = 8*q - 1. Let m be 0/(-2) + -1 + 4. Suppose -m*a + 6 = -a. Suppose o + a = -2*o. Give f(o).
-9
Let t(a) be the second derivative of 1/2*a**3 + 0 + 3*a + 1/12*a**4 - 1/60*a**5 - a**2. Let m(v) be the first derivative of t(v). Calculate m(4).
-5
Let t(z) be the third derivative of z**4/8 - 11*z**3/2 - 5*z**2 + 13. Calculate t(10).
-3
Let y(w) = -5*w. Let a = 7 + -5. Give y(a).
-10
Let n(v) = v**3 - 7*v**2 + 6*v + 4. Let i be n(6). Suppose 0 = -8*j + i*j + 32. Let f(p) = -p**3 + 8*p**2 - p + 5. Give f(j).
-3
Let a = -16 - -14. Let g(m) = 3 + m + 49*m**2 + m - 51*m**2. Calculate g(a).
-9
Let l(a) = -a. Let w(y) = -8*y - 56. Let p be w(-8). Calculate l(p).
-8
Let k = -173 - -181. Suppose -59 = k*x - 19. Let d(i) be the third derivative of -i**5/60 - i**4/24 + 5*i**3/6 - 2*i**2. Determine d(x).
-15
Let q(k) = 9*k**2 + 7*k - 9. Let s(x) = -x**3 + x + 2. Let f(r) = q(r) - s(r). Determine f(-8).
5
Let o(l) = -l**3 - 7*l**2 - 3. Let z(a) = -a**3 - 13*a**2 + 29*a - 22. Let r be z(-15). Determine o(r).
-3
Let p(v) = -41*v**2 - 5*v - 24*v**2 - 9 + 66*v**2. Calculate p(7).
5
Suppose -4*r + m = 1, 4*r + m - 5*m = -4. Let i = -16 - -18. Let a(o) = -3*o + 2*o + 2*o**2 - 3*o**i + 2*o + 8. Give a(r).
8
Let t(q) = -q**3 + 5*q**2 + 8*q - 1. Let i be t(6). Let n(g) = g**2 - 36*g + 51. Let k be n(34). Let m = i + k. Let s(r) = r**3 + 6*r**2 + 3*r + 8. Give s(m).
-10
Let w = -355 - -362. Let s(l) = -l**2 + 6*l + 3. Calculate s(w).
-4
Let p(w) = -w**3 - 2*w**2 + w + 1. Let v(n) = -2*n**2 + 18*n + n**2 - 31*n - 10. Let r be v(-11). Let m be -1*3/(r/4). Give p(m).
-1
Let q(d) = 9*d**2 + 34*d + 14. Let x(u) = -2*u**2 - 9*u - 4. Let s(v) = -3*q(v) - 11*x(v). Calculate s(1).
-6
Let q(v) = 3*v + 2. Let m(t) = t + 1. Let x(w) = m(w) - q(w). What is x(2)?
-5
Let s(t) = 10*t**2 + 9*t + 47. Let c(n) = -6*n**2 - 5*n - 27. Let h(f) = -7*c(f) - 4*s(f). Let o be (-1)/1*(-2)/2. Calculate h(o).
2
Let w be 2/5 + (-660)/(-100). Let s(b) = 10*b**3 - 7*b**2 + 5*b - 6. Let k(u) = 10*u**3 - 6*u**2 + 4*u - 5. Let r(o) = w*k(o) - 6*s(o). Calculate r(1).
9
Let q(n) be the second derivative of n**5/20 - 4*n**4/3 + n**3/6 - 9*n**2 + n + 59. Calculate q(16).
-2
Let i be (1/1)/(3/(-9)). Let h(g) = 7*g**3 + 3*g**2 - 3*g + 11. Let s(d) = 20*d**3 + 9*d**2 - 8*d + 31. Let m(a) = 17*h(a) - 6*s(a). Determine m(i).
10
Let m(k) = 243 - 4*k - 238 + 3*k. Give m(3).
2
Let o(y) = -4*y**2 + 3*y + 2*y**2 + 2 - 4*y**2 - 2*y**3 + 5*y**2. Suppose x - 4*i - 3 = -9, 0 = -x - 5*i + 3. What is o(x)?
8
Let k be (-9 + 4)/(2 + (-20)/8). Let t(n) = n**2 - 11*n + 15. Calculate t(k).
5
Let s(o) = o**2 - 7*o - 5. Let i be 465/(-25) + 4/(-10). Let m = 25 + i. Calculate s(m).
-11
Let z(o) be the third derivative of -o**6/120 + o**5/60 + 5*o**4/24 - 2*o**3/3 + o**2. Suppose -167*n + 862 + 446 = 269*n. Calculate z(n).
-7
Let l be (-4)/((-16)/4)*-5. Let q(y) = -5*y. Give q(l).
25
Let u(m) = m**2 + 6*m. Let r(p) = 2*p - 7. Let y be r(5). Suppose s = x - 11, y*x + 0*x = s + 19. Determine u(s).
7
Let a(l) = l**3 + 3*l**2 + 2*l + 3. Let z(o) = -o**3 + 3*o**2 + 4*o - 3. Let u be z(3). Let q = -12 + u. Calculate a(q).
-3
Let k(x) = -x**3 - 11*x**2 - x + 10. Let z(s) = -s**2 - 2*s + 2. Let v(g) = k(g) - z(g). Give v(-9).
-82
Let z(b) be the first derivative of -3*b**2 + 15*b - 640. Determine z(6).
-21
Let r be (-3)/(90/24)*5/(-2). Suppose r*v = 3 - 19. Let d(l) = l**3 + 7*l**2 - 8*l - 7. Determine d(v).
-7
Suppose 2*l = -3*y + 4, 4*l - 3*y - 13 - 13 = 0. Let c(t) = 30*t**2 - 2. Let h(o) = 121*o**2 - 5*o - 11. Let s(q) = 4*c(q) - h(q). Determine s(l).
3
Let z(h) be the second derivative of h**5/20 + h**2 - 4*h - 178. Suppose 0*r - 5*r = 0. Suppose r = 4*x - 9*x. Give z(x).
2
Suppose 4*v = 6*v + j - 496, -4*v + 994 = 3*j. Let a(o) = 3*o - v - o + 242. Determine a(7).
9
Let b(f) = f**2 - f - 18. Let q = -91 + 96. What is b(q)?
2
Let s(x) = -x**2 - 21*x - 20. Let l be s(-20). Let p(a) = a